(-2)/10. Let s = t + 94. What is the remainder when s is divided by 23?
20
Let d(c) = 7*c - 1. Let f be d(3). Suppose -50 + f = 5*y. What is the remainder when 59 is divided by (9/(-6))/(y/80)?
19
Calculate the remainder when -1 - (-594 - (3 + 1)) is divided by 86.
81
Let q(p) = -13*p - 1. Suppose 0 = 6*i - 4*i - 22. Let h(m) = -m**3 + 12*m**2 - 3*m + 23. Calculate the remainder when h(i) is divided by q(-3).
35
Let v(b) = 2*b + 12. Let z be v(-5). Let o(c) = -3*c**2 - c**2 + 5 + 0 + 5*c**z. What is the remainder when o(6) is divided by 21?
20
Let n(s) = 5*s**2 - 8*s - 7. Calculate the remainder when n(6) is divided by 30.
5
Suppose -2*a - 2*k = -20, 4*a - 36 = k - 3*k. Let t = 4 + a. Let y(x) = x**3 - 3*x**2 - 5*x - 3. Calculate the remainder when y(5) is divided by t.
10
Suppose 3*d - 4 = d. Calculate the remainder when (-2)/6*-3 - -1 is divided by d.
0
What is the remainder when 327 is divided by -10 + 0 + 1312/41?
19
Let a(x) = x**3 + 8*x**2 - 7*x. What is the remainder when a(-7) is divided by 21?
14
Suppose 0 = j + 3*j - 56. What is the remainder when -3*2 - (-28 - -4 - 9) is divided by j?
13
Let q(i) = 24*i - 1. Let k be q(1). Let u = -34 + k. Let d = u - -19. What is the remainder when 21 is divided by d?
5
Suppose 4 - 7 = -3*a. Let l(n) = 11*n - 1. Suppose -17 - 70 = -3*o. Calculate the remainder when o is divided by l(a).
9
Suppose 42*w - 60*w + 738 = 0. Suppose k + 6 = 1, -c - 7 = 3*k. Let g(t) = -t**2 + 12*t - 11. Calculate the remainder when w is divided by g(c).
20
Let o = -141 + 328. What is the remainder when o is divided by 19?
16
Let c = -1 - -2. Suppose p = 3 - c. Let y(s) = s**2 + 31*s - 57. What is the remainder when y(-33) is divided by p?
1
Let t(p) = p. Let u be t(3). Suppose 3*w = 3, -3*w = -4*c + u + 26. What is the remainder when 27 is divided by c?
3
Let c = 45 + -12. Let d be (-2 + -1)/(0 - -1). Let w = 6 - d. Calculate the remainder when c is divided by w.
6
Let r = -37 + 94. Calculate the remainder when r is divided by (18/(-21))/(5/(-175)).
27
Let a(h) = h**2 + 17*h - 69. What is the remainder when 263 is divided by a(-21)?
8
Suppose 0 = -4*k + p + 52, 3*k - 56 = 7*p - 2*p. Calculate the remainder when 116 is divided by k.
8
Let y = 17 + 301. What is the remainder when y is divided by 101?
15
Let x(l) = l**2 - l - 4. Let d be x(-3). What is the remainder when 4 - (-4)/d*122 is divided by -5*11/10*-4?
21
Calculate the remainder when 732/24*4/2 is divided by 13.
9
Suppose 0 = 6*p - 90 - 90. Suppose -8 = n - p. What is the remainder when 64 is divided by n?
20
Suppose 7*b - 1500 = 3*b. What is the remainder when b is divided by 54?
51
Let y(i) = i**2 + 8*i + 3. Let r be y(-8). Suppose -4*t = -p - 207, -t + r*p + 37 = -1. What is the remainder when t is divided by 19?
15
Let w(l) = l**3 - 5*l**2 - 18*l + 4. What is the remainder when 90 is divided by w(8)?
38
Let j = 70 + -22. Suppose 0 = 21*m - 17*m - j. Calculate the remainder when 21 is divided by m.
9
Suppose 2*b = 4*o + 34, b = -5*o - 5 + 15. Let w(a) = -a**3 + a + 51. Calculate the remainder when w(0) is divided by b.
6
Suppose 2*w + 2 = 0, -2*r - 5*w - 2 = -21. Suppose r = -18*z + 19*z. Calculate the remainder when 23 is divided by z - -1 - (-1 - -1).
10
Let l(p) = 2*p**3 + p**2 - 5*p + 1. Suppose -4 = -z - 2, 2*w + 3*z - 30 = 0. Suppose 3*i + w = 7*i. What is the remainder when l(i) is divided by 13?
10
Calculate the remainder when -4*5007/(-60) - 5/(-25) is divided by 12.
10
Suppose 261 = 4*k - o - 139, -3*o = 2*k - 200. Calculate the remainder when k is divided by 21.
16
Suppose 0 = -5*y - 61 - 79. Let f = y - -54. Calculate the remainder when 43 is divided by f.
17
Let z = -11 + 8. Let s = 50 - z. Calculate the remainder when s is divided by 15.
8
Let i = -9 - -38. Let p = i + 56. Calculate the remainder when p is divided by 22.
19
Let i(f) = f**3 + 10*f**2 + 9*f - 1. What is the remainder when 218 is divided by i(-8)?
53
Suppose m - 6*m = 0. Suppose m = -2*z + t - 5, 0 = -5*z + t + 2*t - 13. Calculate the remainder when z + -10*1*-1 is divided by 3.
2
Let t(p) = -p**3 - 20*p**2 - 115*p + 20. Calculate the remainder when t(-16) is divided by 42.
38
Let w(r) = 391*r + 7. Let u be w(5). What is the remainder when (u/(-36))/(2/(-4)) is divided by 22?
21
Let r = 8 + 1. Let s(j) = -18*j. Let v be s(2). Calculate the remainder when r is divided by 48/120 - v/10.
1
Let x be -228*((-15)/6)/5. Let c = 7 + 4. What is the remainder when (x/(-2))/3*-1 is divided by c?
8
Let m(s) = -s**3 + 9*s**2 - 12*s - 2. What is the remainder when m(5) is divided by (26/(-4))/((-2)/4)?
12
Suppose 3*f + 33 = 2*f - 4*y, -164 = 3*f - y. Let d = f - -84. Let s = 53 - d. What is the remainder when s is divided by 12?
10
Let c = -957 + 979. What is the remainder when c is divided by 12?
10
Suppose 2*f - 214 = 2*r, 3*r + 217 = 30*f - 28*f. Calculate the remainder when f is divided by 21.
20
Suppose 0*y - 720 = -8*y. Suppose 5*b = 3*g + 292, 3*b - g - 266 = -y. What is the remainder when b is divided by 15?
14
Suppose 3*s + 4*g - 13 = 0, -25 - 20 = -5*s + 5*g. Suppose -66 = 5*q - s*q. Calculate the remainder when q is divided by 17.
16
Suppose 2*n - 15 = -3*n. Suppose n*s + 0*s - 18 = 2*h, 4*s + 68 = -5*h. Let q = 13 - h. Calculate the remainder when q is divided by 13.
12
What is the remainder when 365 is divided by 3/((-15)/10) + 70 + 10?
53
Suppose 39 = 3*l + c + 3*c, 0 = l + c - 12. What is the remainder when 528 is divided by l?
6
Let p = -1204 - -1316. Calculate the remainder when 668 is divided by p.
108
Calculate the remainder when -89*(2/2 - 2) is divided by (444/(-148))/(3/(-19)).
13
Let c(s) = s**3 + 11*s**2 - 3*s + 22. Calculate the remainder when c(-8) is divided by 27.
22
Let a be 0/(5 - 1 - 0). Suppose -2*s + 5*d + 9 = a, 3*s + 3*d = d - 15. Let y = s - -16. Calculate the remainder when y is divided by 3.
1
Let h = 102 - 59. Let p(d) = d**2 + 6*d - 11. Let l be p(-8). Suppose 4*j = l*m - 61, -2*m + 22 = -0*j - j. What is the remainder when h is divided by m?
7
Let l = -542 - -594. What is the remainder when 465 is divided by l?
49
Suppose 0 = -2*y - d + 19, -6*y + 3*y = d - 27. What is the remainder when 26 is divided by y?
2
Suppose 5*g + 3*q - 148 = 6*q, 2*g = -4*q + 80. What is the remainder when g is divided by 5?
2
Let y(c) = -c**3 - 16*c**2 + 23*c + 117. What is the remainder when 61 is divided by y(-17)?
1
Let g = -20 - -31. What is the remainder when ((-5)/(40/68))/((-3)/54) is divided by g?
10
Let l(o) = 35*o + 4. Let f = 217 - 189. What is the remainder when l(3) is divided by f?
25
Suppose 0 = -3*u - 0 - 3. Let p(b) be the second derivative of -b**5/4 - b**4/12 - b**3/6 + 2*b. Calculate the remainder when 19 is divided by p(u).
4
Let q = 15 - -8. Calculate the remainder when q is divided by (-2)/8 - (-37)/4.
5
Let c(p) = -9*p + 133. What is the remainder when 40 is divided by c(14)?
5
Let v = 8 - -4. Let w(q) = -q**2 + 13*q - 17. Let p be w(v). Let x = 6 + p. What is the remainder when x is divided by 1?
0
Suppose -4*z + a = -28, -22 = -0*z - 3*z + a. Calculate the remainder when 84 is divided by z.
0
Suppose n - 5*r - 38 + 8 = 0, r = 4*n - 63. What is the remainder when 54 is divided by n?
9
Suppose -r + h = -228, -h + 6*h - 939 = -4*r. What is the remainder when r is divided by 18?
15
Let i(m) = -3*m**2 - 4*m + 1. Let k(a) = 13*a**2 + 17*a - 5. Let v(l) = -9*i(l) - 2*k(l). Calculate the remainder when v(-3) is divided by (9/12)/((-1)/(-4)).
1
Suppose 50 + 66 = 4*m. Suppose -29*a + 28*a = -m. What is the remainder when 57 is divided by a?
28
Suppose -a - 8*d + 5*d = -76, d - 152 = -2*a. What is the remainder when a is divided by 4?
0
Let c(t) = 2*t**2 - 2*t - 3. Let y be c(-2). Let v be (y/(-6))/((-9)/12). Let r = v - -17. What is the remainder when r is divided by 7?
5
Suppose 5*i - 8*y = -4*y + 220, -4*i + 5*y + 167 = 0. What is the remainder when 49 is divided by i?
1
Let s(g) = 577*g + 21. What is the remainder when s(1) is divided by 24?
22
Suppose 3*t - 6*t + 11 = -5*b, -14 = -2*t + 2*b. Let p = -232 - -373. Let l = p - 94. Calculate the remainder when l is divided by t.
11
Suppose 0 = -5*v - 2*n + 52, 4*v - 8*n - 44 = -12*n. What is the remainder when 49 is divided by v?
9
Let v be ((-144)/10)/(93/(-45) + 2). Let n = v + -110. What is the remainder w